{"id":2255,"date":"2024-02-22T19:05:18","date_gmt":"2024-02-22T19:05:18","guid":{"rendered":"https:\/\/www.photo-haratyk.pl\/?page_id=2255"},"modified":"2024-02-22T19:12:16","modified_gmt":"2024-02-22T19:12:16","slug":"calpe-02-2024","status":"publish","type":"page","link":"https:\/\/www.photo-haratyk.pl\/?page_id=2255","title":{"rendered":"Calpe 02.2024"},"content":{"rendered":"\t\t<div data-elementor-type=\"wp-page\" data-elementor-id=\"2255\" class=\"elementor elementor-2255\">\n\t\t\t\t\t\t<section class=\"elementor-section elementor-top-section elementor-element elementor-element-0a2568c elementor-section-boxed elementor-section-height-default elementor-section-height-default\" data-id=\"0a2568c\" data-element_type=\"section\" data-settings=\"{&quot;background_background&quot;:&quot;classic&quot;}\">\n\t\t\t\t\t\t<div class=\"elementor-container elementor-column-gap-default\">\n\t\t\t\t\t<div class=\"elementor-column elementor-col-100 elementor-top-column elementor-element elementor-element-844e3f2\" data-id=\"844e3f2\" data-element_type=\"column\">\n\t\t\t<div class=\"elementor-widget-wrap elementor-element-populated\">\n\t\t\t\t\t\t<section class=\"elementor-section elementor-inner-section elementor-element elementor-element-42493cc elementor-section-boxed elementor-section-height-default elementor-section-height-default\" data-id=\"42493cc\" data-element_type=\"section\">\n\t\t\t\t\t\t<div class=\"elementor-container elementor-column-gap-default\">\n\t\t\t\t\t<div class=\"elementor-column elementor-col-50 elementor-inner-column elementor-element elementor-element-dcf957a\" data-id=\"dcf957a\" data-element_type=\"column\">\n\t\t\t<div class=\"elementor-widget-wrap elementor-element-populated\">\n\t\t\t\t\t\t<div class=\"elementor-element elementor-element-48d4414 elementor-widget elementor-widget-heading\" data-id=\"48d4414\" data-element_type=\"widget\" data-widget_type=\"heading.default\">\n\t\t\t\t<div class=\"elementor-widget-container\">\n\t\t\t\t\t<h2 class=\"elementor-heading-title elementor-size-default\">Calp<\/h2>\t\t\t\t<\/div>\n\t\t\t\t<\/div>\n\t\t\t\t<div class=\"elementor-element elementor-element-6110d52 elementor-widget elementor-widget-heading\" data-id=\"6110d52\" data-element_type=\"widget\" data-widget_type=\"heading.default\">\n\t\t\t\t<div class=\"elementor-widget-container\">\n\t\t\t\t\t<h2 class=\"elementor-heading-title elementor-size-default\">01.2020 \/ 38\u00b038\u203242\u2033N 0\u00b002\u203239\u2033E<\/h2>\t\t\t\t<\/div>\n\t\t\t\t<\/div>\n\t\t\t\t\t<\/div>\n\t\t<\/div>\n\t\t\t\t<div class=\"elementor-column elementor-col-50 elementor-inner-column elementor-element elementor-element-9014821\" data-id=\"9014821\" data-element_type=\"column\">\n\t\t\t<div class=\"elementor-widget-wrap elementor-element-populated\">\n\t\t\t\t\t\t<div class=\"elementor-element elementor-element-5e924ca elementor-widget elementor-widget-heading\" data-id=\"5e924ca\" data-element_type=\"widget\" data-widget_type=\"heading.default\">\n\t\t\t\t<div class=\"elementor-widget-container\">\n\t\t\t\t\t<h2 class=\"elementor-heading-title elementor-size-default\">Gmina i miasto w Hiszpanii, w Walencji, w prowincji Alicante\/Alacant (67 km od miasta Alicante) nad Morzem \u015ar\u00f3dziemnym. W 1999 Calpe mia\u0142o 22 466 mieszka\u0144c\u00f3w, wi\u0119kszo\u015b\u0107 z nich to cudzoziemcy.\n\nGospodarka miasta opiera si\u0119 na turystyce masowej i po\u0142owie ryb.<\/h2>\t\t\t\t<\/div>\n\t\t\t\t<\/div>\n\t\t\t\t\t<\/div>\n\t\t<\/div>\n\t\t\t\t\t<\/div>\n\t\t<\/section>\n\t\t\t\t<div class=\"elementor-element elementor-element-193077f elementor-widget elementor-widget-image-gallery\" data-id=\"193077f\" data-element_type=\"widget\" data-widget_type=\"image-gallery.default\">\n\t\t\t\t<div class=\"elementor-widget-container\">\n\t\t\t\t\t\t\t<div class=\"elementor-image-gallery\">\n\t\t\t\t\t<\/div>\n\t\t\t\t\t\t<\/div>\n\t\t\t\t<\/div>\n\t\t\t\t<div class=\"elementor-element elementor-element-1a20425 elementor-widget-divider--view-line elementor-widget elementor-widget-divider\" data-id=\"1a20425\" data-element_type=\"widget\" data-widget_type=\"divider.default\">\n\t\t\t\t<div class=\"elementor-widget-container\">\n\t\t\t\t\t\t\t<div class=\"elementor-divider\">\n\t\t\t<span class=\"elementor-divider-separator\">\n\t\t\t\t\t\t<\/span>\n\t\t<\/div>\n\t\t\t\t\t\t<\/div>\n\t\t\t\t<\/div>\n\t\t\t\t\t<\/div>\n\t\t<\/div>\n\t\t\t\t\t<\/div>\n\t\t<\/section>\n\t\t\t\t<\/div>\n\t\t","protected":false},"excerpt":{"rendered":"<p>Calp 01.2020 \/ 38\u00b038\u203242\u2033N 0\u00b002\u203239\u2033E Gmina i miasto w Hiszpanii, w Walencji, w prowincji Alicante\/Alacant (67 km od miasta Alicante) nad Morzem \u015ar\u00f3dziemnym. W 1999 Calpe mia\u0142o 22 466 mieszka\u0144c\u00f3w, wi\u0119kszo\u015b\u0107 z nich to cudzoziemcy. Gospodarka miasta opiera si\u0119 na turystyce masowej i po\u0142owie ryb.<\/p>\n","protected":false},"author":1,"featured_media":0,"parent":0,"menu_order":0,"comment_status":"closed","ping_status":"closed","template":"","meta":{"ngg_post_thumbnail":0,"_kadence_starter_templates_imported_post":true,"_kad_post_transparent":"","_kad_post_title":"hide","_kad_post_layout":"fullwidth","_kad_post_sidebar_id":"","_kad_post_content_style":"unboxed","_kad_post_vertical_padding":"hide","_kad_post_feature":"hide","_kad_post_feature_position":"","_kad_post_header":false,"_kad_post_footer":false,"footnotes":""},"class_list":["post-2255","page","type-page","status-publish","hentry"],"aioseo_notices":[],"_links":{"self":[{"href":"https:\/\/www.photo-haratyk.pl\/index.php?rest_route=\/wp\/v2\/pages\/2255","targetHints":{"allow":["GET"]}}],"collection":[{"href":"https:\/\/www.photo-haratyk.pl\/index.php?rest_route=\/wp\/v2\/pages"}],"about":[{"href":"https:\/\/www.photo-haratyk.pl\/index.php?rest_route=\/wp\/v2\/types\/page"}],"author":[{"embeddable":true,"href":"https:\/\/www.photo-haratyk.pl\/index.php?rest_route=\/wp\/v2\/users\/1"}],"replies":[{"embeddable":true,"href":"https:\/\/www.photo-haratyk.pl\/index.php?rest_route=%2Fwp%2Fv2%2Fcomments&post=2255"}],"version-history":[{"count":7,"href":"https:\/\/www.photo-haratyk.pl\/index.php?rest_route=\/wp\/v2\/pages\/2255\/revisions"}],"predecessor-version":[{"id":2273,"href":"https:\/\/www.photo-haratyk.pl\/index.php?rest_route=\/wp\/v2\/pages\/2255\/revisions\/2273"}],"wp:attachment":[{"href":"https:\/\/www.photo-haratyk.pl\/index.php?rest_route=%2Fwp%2Fv2%2Fmedia&parent=2255"}],"curies":[{"name":"wp","href":"https:\/\/api.w.org\/{rel}","templated":true}]}}

<div data-elementor-type="wp-page" data-elementor-id="2255" class="elementor elementor-2255">
						<section class="elementor-section elementor-top-section elementor-element elementor-element-0a2568c elementor-section-boxed elementor-section-height-default elementor-section-height-default" data-id="0a2568c" data-element_type="section" data-settings="{&quot;background_background&quot;:&quot;classic&quot;}">
						<div class="elementor-container elementor-column-gap-default">
					<div class="elementor-column elementor-col-100 elementor-top-column elementor-element elementor-element-844e3f2" data-id="844e3f2" data-element_type="column">
			<div class="elementor-widget-wrap elementor-element-populated">
						<section class="elementor-section elementor-inner-section elementor-element elementor-element-42493cc elementor-section-boxed elementor-section-height-default elementor-section-height-default" data-id="42493cc" data-element_type="section">
						<div class="elementor-container elementor-column-gap-default">
					<div class="elementor-column elementor-col-50 elementor-inner-column elementor-element elementor-element-dcf957a" data-id="dcf957a" data-element_type="column">
			<div class="elementor-widget-wrap elementor-element-populated">
						<div class="elementor-element elementor-element-48d4414 elementor-widget elementor-widget-heading" data-id="48d4414" data-element_type="widget" data-widget_type="heading.default">
				<div class="elementor-widget-container">
					<h2 class="elementor-heading-title elementor-size-default">Calp</h2>				</div>
				</div>
				<div class="elementor-element elementor-element-6110d52 elementor-widget elementor-widget-heading" data-id="6110d52" data-element_type="widget" data-widget_type="heading.default">
				<div class="elementor-widget-container">
					<h2 class="elementor-heading-title elementor-size-default">01.2020 / 38°38′42″N 0°02′39″E</h2>				</div>
				</div>
					</div>
		</div>
				<div class="elementor-column elementor-col-50 elementor-inner-column elementor-element elementor-element-9014821" data-id="9014821" data-element_type="column">
			<div class="elementor-widget-wrap elementor-element-populated">
						<div class="elementor-element elementor-element-5e924ca elementor-widget elementor-widget-heading" data-id="5e924ca" data-element_type="widget" data-widget_type="heading.default">
				<div class="elementor-widget-container">
					<h2 class="elementor-heading-title elementor-size-default">Gmina i miasto w Hiszpanii, w Walencji, w prowincji Alicante/Alacant (67 km od miasta Alicante) nad Morzem Śródziemnym. W 1999 Calpe miało 22 466 mieszkańców, większość z nich to cudzoziemcy.

Gospodarka miasta opiera się na turystyce masowej i połowie ryb.</h2>				</div>
				</div>
					</div>
		</div>
					</div>
		</section>
				<div class="elementor-element elementor-element-193077f elementor-widget elementor-widget-image-gallery" data-id="193077f" data-element_type="widget" data-widget_type="image-gallery.default">
				<div class="elementor-widget-container">
							<div class="elementor-image-gallery">
					</div>
						</div>
				</div>
				<div class="elementor-element elementor-element-1a20425 elementor-widget-divider--view-line elementor-widget elementor-widget-divider" data-id="1a20425" data-element_type="widget" data-widget_type="divider.default">
				<div class="elementor-widget-container">
							<div class="elementor-divider">
			<span class="elementor-divider-separator">
						</span>
		</div>
						</div>
				</div>
					</div>
		</div>
					</div>
		</section>
				</div>

<p>Calp 01.2020 / 38°38′42″N 0°02′39″E Gmina i miasto w Hiszpanii, w Walencji, w prowincji Alicante/Alacant (67 km od miasta Alicante) nad Morzem Śródziemnym. W 1999 Calpe miało 22 466 mieszkańców, większość z nich to cudzoziemcy. Gospodarka miasta opiera się na turystyce masowej i połowie ryb.</p>
