{"id":1675,"date":"2023-10-09T18:20:41","date_gmt":"2023-10-09T18:20:41","guid":{"rendered":"https:\/\/www.photo-haratyk.pl\/?page_id=1675"},"modified":"2025-07-08T20:03:02","modified_gmt":"2025-07-08T20:03:02","slug":"lunersee","status":"publish","type":"page","link":"https:\/\/www.photo-haratyk.pl\/?page_id=1675","title":{"rendered":"L\u00fcnersee 15.08.2019"},"content":{"rendered":"\t\t<div data-elementor-type=\"wp-page\" data-elementor-id=\"1675\" class=\"elementor elementor-1675\">\n\t\t\t\t\t\t<section class=\"elementor-section elementor-top-section elementor-element elementor-element-0a2568c elementor-section-boxed elementor-section-height-default elementor-section-height-default\" data-id=\"0a2568c\" data-element_type=\"section\" data-settings=\"{&quot;background_background&quot;:&quot;classic&quot;}\">\n\t\t\t\t\t\t<div class=\"elementor-container elementor-column-gap-default\">\n\t\t\t\t\t<div class=\"elementor-column elementor-col-100 elementor-top-column elementor-element elementor-element-844e3f2\" data-id=\"844e3f2\" data-element_type=\"column\">\n\t\t\t<div class=\"elementor-widget-wrap elementor-element-populated\">\n\t\t\t\t\t\t<section class=\"elementor-section elementor-inner-section elementor-element elementor-element-42493cc elementor-section-boxed elementor-section-height-default elementor-section-height-default\" data-id=\"42493cc\" data-element_type=\"section\">\n\t\t\t\t\t\t<div class=\"elementor-container elementor-column-gap-default\">\n\t\t\t\t\t<div class=\"elementor-column elementor-col-50 elementor-inner-column elementor-element elementor-element-dcf957a\" data-id=\"dcf957a\" data-element_type=\"column\">\n\t\t\t<div class=\"elementor-widget-wrap elementor-element-populated\">\n\t\t\t\t\t\t<div class=\"elementor-element elementor-element-48d4414 elementor-widget elementor-widget-heading\" data-id=\"48d4414\" data-element_type=\"widget\" data-widget_type=\"heading.default\">\n\t\t\t\t<div class=\"elementor-widget-container\">\n\t\t\t\t\t<h2 class=\"elementor-heading-title elementor-size-default\">Lunersee<\/h2>\t\t\t\t<\/div>\n\t\t\t\t<\/div>\n\t\t\t\t<div class=\"elementor-element elementor-element-6110d52 elementor-widget elementor-widget-heading\" data-id=\"6110d52\" data-element_type=\"widget\" data-widget_type=\"heading.default\">\n\t\t\t\t<div class=\"elementor-widget-container\">\n\t\t\t\t\t<h2 class=\"elementor-heading-title elementor-size-default\">15.08.2019 \/ 47\u00b0 19\u2032 50.77\u2033 N, 9\u00b0 24\u2032 31.54\u2033 E<\/h2>\t\t\t\t<\/div>\n\t\t\t\t<\/div>\n\t\t\t\t\t<\/div>\n\t\t<\/div>\n\t\t\t\t<div class=\"elementor-column elementor-col-50 elementor-inner-column elementor-element elementor-element-9014821\" data-id=\"9014821\" data-element_type=\"column\">\n\t\t\t<div class=\"elementor-widget-wrap elementor-element-populated\">\n\t\t\t\t\t\t<div class=\"elementor-element elementor-element-5e924ca elementor-widget elementor-widget-heading\" data-id=\"5e924ca\" data-element_type=\"widget\" data-widget_type=\"heading.default\">\n\t\t\t\t<div class=\"elementor-widget-container\">\n\t\t\t\t\t<h2 class=\"elementor-heading-title elementor-size-default\">Jezioro L\u00fcnersee oferuje wiele pi\u0119knych tras . Podczas jazdy na rowerze lub pieszej wycieczki mo\u017cesz odwiedzi\u0107 jedn\u0105 z 13 \u015bwietnych atrakcji, z jakich s\u0142ynie region wok\u00f3\u0142 jeziora L\u00fcnersee. <\/h2>\t\t\t\t<\/div>\n\t\t\t\t<\/div>\n\t\t\t\t\t<\/div>\n\t\t<\/div>\n\t\t\t\t\t<\/div>\n\t\t<\/section>\n\t\t\t\t<div class=\"elementor-element elementor-element-193077f elementor-widget elementor-widget-image-gallery\" data-id=\"193077f\" data-element_type=\"widget\" data-widget_type=\"image-gallery.default\">\n\t\t\t\t<div class=\"elementor-widget-container\">\n\t\t\t\t\t\t\t<div class=\"elementor-image-gallery\">\n\t\t\t<div id='gallery-1' class='gallery galleryid-1675 gallery-columns-1 gallery-size-full'><figure class='gallery-item'>\n\t\t\t<div class='gallery-icon landscape'>\n\t\t\t\t<a  href='https:\/\/www.photo-haratyk.pl\/wp-content\/uploads\/2025\/07\/20190815DJI_0138-scaled.jpg'><img fetchpriority=\"high\" decoding=\"async\" width=\"2560\" height=\"1439\" src=\"https:\/\/www.photo-haratyk.pl\/wp-content\/uploads\/2025\/07\/20190815DJI_0138-scaled.jpg\" class=\"attachment-full size-full\" alt=\"\" aria-describedby=\"gallery-1-2432\" srcset=\"https:\/\/www.photo-haratyk.pl\/wp-content\/uploads\/2025\/07\/20190815DJI_0138-scaled.jpg 2560w, https:\/\/www.photo-haratyk.pl\/wp-content\/uploads\/2025\/07\/20190815DJI_0138-300x169.jpg 300w, https:\/\/www.photo-haratyk.pl\/wp-content\/uploads\/2025\/07\/20190815DJI_0138-1024x576.jpg 1024w, https:\/\/www.photo-haratyk.pl\/wp-content\/uploads\/2025\/07\/20190815DJI_0138-768x432.jpg 768w, https:\/\/www.photo-haratyk.pl\/wp-content\/uploads\/2025\/07\/20190815DJI_0138-1536x863.jpg 1536w, https:\/\/www.photo-haratyk.pl\/wp-content\/uploads\/2025\/07\/20190815DJI_0138-2048x1151.jpg 2048w\" sizes=\"(max-width: 2560px) 100vw, 2560px\" \/><\/a>\n\t\t\t<\/div>\n\t\t\t\t<figcaption class='wp-caption-text gallery-caption' id='gallery-1-2432'>\n\t\t\t\tcreated by dji camera\n\t\t\t\t<\/figcaption><\/figure><figure class='gallery-item'>\n\t\t\t<div class='gallery-icon landscape'>\n\t\t\t\t<a  href='https:\/\/www.photo-haratyk.pl\/wp-content\/uploads\/2025\/07\/20190815DJI_0155-scaled.jpg'><img decoding=\"async\" width=\"2560\" height=\"1439\" src=\"https:\/\/www.photo-haratyk.pl\/wp-content\/uploads\/2025\/07\/20190815DJI_0155-scaled.jpg\" class=\"attachment-full size-full\" alt=\"\" aria-describedby=\"gallery-1-2433\" srcset=\"https:\/\/www.photo-haratyk.pl\/wp-content\/uploads\/2025\/07\/20190815DJI_0155-scaled.jpg 2560w, https:\/\/www.photo-haratyk.pl\/wp-content\/uploads\/2025\/07\/20190815DJI_0155-300x169.jpg 300w, https:\/\/www.photo-haratyk.pl\/wp-content\/uploads\/2025\/07\/20190815DJI_0155-1024x576.jpg 1024w, https:\/\/www.photo-haratyk.pl\/wp-content\/uploads\/2025\/07\/20190815DJI_0155-768x432.jpg 768w, https:\/\/www.photo-haratyk.pl\/wp-content\/uploads\/2025\/07\/20190815DJI_0155-1536x863.jpg 1536w, https:\/\/www.photo-haratyk.pl\/wp-content\/uploads\/2025\/07\/20190815DJI_0155-2048x1151.jpg 2048w\" sizes=\"(max-width: 2560px) 100vw, 2560px\" \/><\/a>\n\t\t\t<\/div>\n\t\t\t\t<figcaption class='wp-caption-text gallery-caption' id='gallery-1-2433'>\n\t\t\t\tcreated by dji camera\n\t\t\t\t<\/figcaption><\/figure><figure class='gallery-item'>\n\t\t\t<div class='gallery-icon landscape'>\n\t\t\t\t<a  href='https:\/\/www.photo-haratyk.pl\/wp-content\/uploads\/2025\/07\/20190815DJI_0162-scaled.jpg'><img decoding=\"async\" width=\"2560\" height=\"1439\" src=\"https:\/\/www.photo-haratyk.pl\/wp-content\/uploads\/2025\/07\/20190815DJI_0162-scaled.jpg\" class=\"attachment-full size-full\" alt=\"\" aria-describedby=\"gallery-1-2434\" srcset=\"https:\/\/www.photo-haratyk.pl\/wp-content\/uploads\/2025\/07\/20190815DJI_0162-scaled.jpg 2560w, https:\/\/www.photo-haratyk.pl\/wp-content\/uploads\/2025\/07\/20190815DJI_0162-300x169.jpg 300w, https:\/\/www.photo-haratyk.pl\/wp-content\/uploads\/2025\/07\/20190815DJI_0162-1024x576.jpg 1024w, https:\/\/www.photo-haratyk.pl\/wp-content\/uploads\/2025\/07\/20190815DJI_0162-768x432.jpg 768w, https:\/\/www.photo-haratyk.pl\/wp-content\/uploads\/2025\/07\/20190815DJI_0162-1536x863.jpg 1536w, https:\/\/www.photo-haratyk.pl\/wp-content\/uploads\/2025\/07\/20190815DJI_0162-2048x1151.jpg 2048w\" sizes=\"(max-width: 2560px) 100vw, 2560px\" \/><\/a>\n\t\t\t<\/div>\n\t\t\t\t<figcaption class='wp-caption-text gallery-caption' id='gallery-1-2434'>\n\t\t\t\tcreated by dji camera\n\t\t\t\t<\/figcaption><\/figure>\n\t\t<\/div>\n\t\t<\/div>\n\t\t\t\t\t\t<\/div>\n\t\t\t\t<\/div>\n\t\t\t\t<div class=\"elementor-element elementor-element-1a20425 elementor-widget-divider--view-line elementor-widget elementor-widget-divider\" data-id=\"1a20425\" data-element_type=\"widget\" data-widget_type=\"divider.default\">\n\t\t\t\t<div class=\"elementor-widget-container\">\n\t\t\t\t\t\t\t<div class=\"elementor-divider\">\n\t\t\t<span class=\"elementor-divider-separator\">\n\t\t\t\t\t\t<\/span>\n\t\t<\/div>\n\t\t\t\t\t\t<\/div>\n\t\t\t\t<\/div>\n\t\t\t\t\t<\/div>\n\t\t<\/div>\n\t\t\t\t\t<\/div>\n\t\t<\/section>\n\t\t\t\t<\/div>\n\t\t","protected":false},"excerpt":{"rendered":"<p>Lunersee 15.08.2019 \/ 47\u00b0 19\u2032 50.77\u2033 N, 9\u00b0 24\u2032 31.54\u2033 E Jezioro L\u00fcnersee oferuje wiele pi\u0119knych tras . Podczas jazdy na rowerze lub pieszej wycieczki mo\u017cesz odwiedzi\u0107 jedn\u0105 z 13 \u015bwietnych atrakcji, z jakich s\u0142ynie region wok\u00f3\u0142 jeziora L\u00fcnersee. created by dji camera created by dji camera created by dji camera<\/p>\n","protected":false},"author":1,"featured_media":0,"parent":0,"menu_order":0,"comment_status":"closed","ping_status":"closed","template":"","meta":{"ngg_post_thumbnail":0,"_kadence_starter_templates_imported_post":true,"_kad_post_transparent":"","_kad_post_title":"hide","_kad_post_layout":"fullwidth","_kad_post_sidebar_id":"","_kad_post_content_style":"unboxed","_kad_post_vertical_padding":"hide","_kad_post_feature":"hide","_kad_post_feature_position":"","_kad_post_header":false,"_kad_post_footer":false,"footnotes":""},"class_list":["post-1675","page","type-page","status-publish","hentry"],"aioseo_notices":[],"_links":{"self":[{"href":"https:\/\/www.photo-haratyk.pl\/index.php?rest_route=\/wp\/v2\/pages\/1675","targetHints":{"allow":["GET"]}}],"collection":[{"href":"https:\/\/www.photo-haratyk.pl\/index.php?rest_route=\/wp\/v2\/pages"}],"about":[{"href":"https:\/\/www.photo-haratyk.pl\/index.php?rest_route=\/wp\/v2\/types\/page"}],"author":[{"embeddable":true,"href":"https:\/\/www.photo-haratyk.pl\/index.php?rest_route=\/wp\/v2\/users\/1"}],"replies":[{"embeddable":true,"href":"https:\/\/www.photo-haratyk.pl\/index.php?rest_route=%2Fwp%2Fv2%2Fcomments&post=1675"}],"version-history":[{"count":12,"href":"https:\/\/www.photo-haratyk.pl\/index.php?rest_route=\/wp\/v2\/pages\/1675\/revisions"}],"predecessor-version":[{"id":2818,"href":"https:\/\/www.photo-haratyk.pl\/index.php?rest_route=\/wp\/v2\/pages\/1675\/revisions\/2818"}],"wp:attachment":[{"href":"https:\/\/www.photo-haratyk.pl\/index.php?rest_route=%2Fwp%2Fv2%2Fmedia&parent=1675"}],"curies":[{"name":"wp","href":"https:\/\/api.w.org\/{rel}","templated":true}]}}